t of 323307?
7
What is the ten thousands digit of 89417?
8
What is the ten thousands digit of 162732?
6
What is the ten thousands digit of 1245503?
4
What is the tens digit of 418402?
0
What is the hundred thousands digit of 166666?
1
What is the thousands digit of 5324878?
4
What is the thousands digit of 1153644?
3
What is the hundreds digit of 2347283?
2
What is the tens digit of 11543026?
2
What is the thousands digit of 590525?
0
What is the units digit of 9342437?
7
What is the hundred thousands digit of 9970377?
9
What is the tens digit of 159396?
9
What is the millions digit of 9366905?
9
What is the units digit of 659346?
6
What is the ten thousands digit of 252957?
5
What is the ten millions digit of 18603814?
1
What is the thousands digit of 295457?
5
What is the units digit of 2125460?
0
What is the hundreds digit of 2652917?
9
What is the thousands digit of 985195?
5
What is the hundred thousands digit of 1971131?
9
What is the units digit of 5860431?
1
What is the hundred thousands digit of 18678922?
6
What is the ten thousands digit of 114067?
1
What is the ten thousands digit of 2103082?
0
What is the ten thousands digit of 288079?
8
What is the ten thousands digit of 7887920?
8
What is the thousands digit of 70301?
0
What is the ten thousands digit of 4643823?
4
What is the thousands digit of 8483884?
3
What is the hundred thousands digit of 406557?
4
What is the ten thousands digit of 406985?
0
What is the hundreds digit of 162900?
9
What is the hundreds digit of 27257541?
5
What is the thousands digit of 3011023?
1
What is the hundred thousands digit of 142956?
1
What is the hundred thousands digit of 267438?
2
What is the thousands digit of 2866145?
6
What is the ten thousands digit of 110073?
1
What is the units digit of 10000?
0
What is the tens digit of 181046?
4
What is the units digit of 1298473?
3
What is the units digit of 5794724?
4
What is the hundreds digit of 932647?
6
What is the millions digit of 1643413?
1
What is the tens digit of 3716162?
6
What is the thousands digit of 3189746?
9
What is the hundred thousands digit of 203810?
2
What is the units digit of 27876631?
1
What is the units digit of 758247?
7
What is the tens digit of 304868?
6
What is the ten thousands digit of 51089?
5
What is the ten thousands digit of 41492?
4
What is the millions digit of 5197550?
5
What is the units digit of 920479?
9
What is the hundreds digit of 2881001?
0
What is the thousands digit of 2303796?
3
What is the hundreds digit of 294150?
1
What is the tens digit of 23530856?
5
What is the millions digit of 16808196?
6
What is the hundred thousands digit of 11703253?
7
What is the hundreds digit of 54352?
3
What is the tens digit of 129915?
1
What is the tens digit of 7108784?
8
What is the units digit of 238605?
5
What is the thousands digit of 271130?
1
What is the units digit of 354138?
8
What is the units digit of 680254?
4
What is the hundred thousands digit of 14792012?
7
What is the units digit of 6461?
1
What is the tens digit of 298265?
6
What is the ten thousands digit of 82956?
8
What is the tens digit of 185763?
6
What is the tens digit of 579115?
1
What is the tens digit of 381247?
4
What is the hundred thousands digit of 6898377?
8
What is the thousands digit of 191469?
1
What is the ten thousands digit of 9801092?
0
What is the hundred thousands digit of 241871?
2
What is the thousands digit of 105752?
5
What is the hundred thousands digit of 450669?
4
What is the thousands digit of 91352?
1
What is the hundreds digit of 2758324?
3
What is the millions digit of 5586968?
5
What is the thousands digit of 418636?
8
What is the hundred thousands digit of 5132970?
1
What is the tens digit of 138205?
0
What is the thousands digit of 2663771?
3
What is the thousands digit of 381660?
1
What is the units digit of 1182417?
7
What is the hundred thousands digit of 2602064?
6
What is the thousands digit of 355659?
5
What is the thousands digit of 23124946?
4
What is the hundred thousands digit of 212074?
2
What is the units digit of 832470?
0
What is the units digit of 159691?
1
What is the millions digit of 1079123?
1
What is the hundreds digit of 4440678?
6
What is the hundred thousands digit of 30902500?
9
What is the tens digit of 1316145?
4
What is the millions digit of 7171924?
7
What is the millions digit of 1304695?
1
What is the hundred thousands digit of 15056185?
0
What is the millions digit of 12515065?
2
What is the ten thousands digit of 25777124?
7
What is the ten thousands digit of 225245?
2
What is the thousands digit of 12898?
2
What is the ten thousands digit of 154985?
5
What is the ten thousands digit of 14529860?
2
What is the millions digit of 1112731?
1
What is the units digit of 210054?
4
What is the ten thousands digit of 263300?
6
What is the tens digit of 2703420?
2
What is the thousands digit of 1138855?
8
What is the units digit of 484410?
0
What is the units digit of 5336?
6
What is the millions digit of 20307176?
0
What is the tens digit of 108171?
7
What is the hundred thousands digit of 3689809?
6
What is the tens digit of 1490532?
3
What is the tens digit of 3925078?
7
What is the hundreds digit of 4366876?
8
What is the units digit of 85547?
7
What is the units digit of 634252?
2
What is the millions digit of 7076130?
7
What is the tens digit of 1308045?
4
What is the units digit of 136932?
2
What is the thousands digit of 40243216?
3
What is the ten thousands digit of 2982391?
8
What is the thousands digit of 129060?
9
What is the hundreds digit of 418257?
2
What is the tens digit of 217796?
9
What is the hundreds digit of 18534?
5
What is the millions digit of 16538939?
6
What is the tens digit of 8071342?
4
What is the ten thousands digit of 2849141?
4
What is the units digit of 50035?
5
What is the ten thousands digit of 1374883?
7
What is the hundred thousands digit of 18319951?
3
What is the hundreds digit of 67858?
8
What is the hundreds digit of 522824?
8
What is the hundreds digit of 27959072?
0
What is the thousands digit of 285569?
5
What is the tens digit of 1090264?
6
What is the thousands digit of 11071102?
1
What is the ten thousands digit of 3890803?
9
What is the ten thousands digit of 295871?
9
What is the hundred thousands digit of 297629?
2
What is the ten millions digit of 16104423?
1
What is the tens digit of 1094482?
8
What is the thousands digit of 7580500?
0
What is the thousands digit of 305351?
5
What is the ten thousands digit of 11094840?
9
What is the hundred thousands digit of 157437?
1
What is the thousands digit of 7435599?
5
What is the hundred thousands digit of 5232790?
2
What is the hundred thousands digit of 11746254?
7
What is the hundreds digit of 63773?
7
What is the hundreds digit of 973757?
7
What is the thousands digit of 249624?
9
What is the units digit of 2930287?
7
What is the tens digit of 988435?
3
What is the millions digit of 2426629?
2
What is the tens digit of 57468?
6
What is the millions digit of 11894400?
1
What is the hundred thousands digit of 4814598?
8
What is the thousands digit of 453895?
3
What is the millions digit of 5230585?
5
What is the units digit of 47417?
7
What is the ten thousands digit of 56825?
5
What is the hundreds digit of 79414?
4
What is the millions digit of 13383163?
3
What is the tens digit of 55766?
6
What is the thousands digit of 436836?
6
What is the tens digit of 550370?
7
What is the ten thousands digit of 33902?
3
What is the millions digit of 21297752?
1
What is the units digit of 22291967?
7
What is the hundred thousands digit of 579500?
5
What is the units digit of 541689?
9
What is the tens digit of 3963303?
0
What is the ten thousands digit of 184303?
8
What is the millions digit of 4713003?
4
What is the ten thousands digit of 5148557?
4
What is the ten thousands digit of 11831620?
3
What is the ten thousands digit of 21023541?
2
What is the hundreds digit of 175106?
1
What is the ten thousands digit of 442385?
4
What is the units digit of 5787957?
7
What is the hundreds digit of 3268639?
6
What is the thousands digit of 229058?
9
What is the hundred thousands digit of 450307?
4
What is the thousands digit of 92122?
2
What is the hundreds digit of 23409?
4
What is the units digit of 2519